{"id":3489,"date":"2018-11-06T18:15:57","date_gmt":"2018-11-06T17:15:57","guid":{"rendered":"https:\/\/amikal.xyz\/portfolio\/wordpress\/?product=import-placeholder-for-1117"},"modified":"2024-09-08T21:54:28","modified_gmt":"2024-09-08T19:54:28","slug":"behind-the-wall-vol-2-edition-deluxe","status":"publish","type":"product","link":"https:\/\/amikal.xyz\/portfolio\/wordpress\/produit\/behind-the-wall-vol-2-edition-deluxe\/","title":{"rendered":"Behind the wall vol. 2 \u00e9dition Deluxe"},"content":{"rendered":"<p>sur les 650 livres, 100 ont \u00e9t\u00e9 dot\u00e9s d&#8217;une pochette sp\u00e9ciale et de deux planches de stickers parmi les 4 imprim\u00e9es.<\/p>\n<p>Une \u00e9dition &#8220;Deluxe&#8221; pour les amateurs de beaux objets.<\/p>\n<p><span style=\"font-size: 13px\">Avec :&nbsp;<strong>Artem Solop, Cannibal Letters, Jacky&amp;Hide, Difuz, Buda, Tapaloy, Stom500, Kanos, Monsta, Zc\u00e4pe, Azram, Tougui, Amikal, TCK127 , Moru, Gamo PM, Mr. Woodland, Kors\u00e9<\/strong><\/span><\/p>\n<p>192 pages \/ 24. 16.5 cm<\/p>\n<p><span style=\"color: #ff9900\"><em>100 of the 650 books have a special wood packaging and two stickers sheets. A &#8220;Deluxe &#8221; edition for fine art lovers.<\/em><\/span><\/p>\n<p>&nbsp;<\/p>\n<p>[heading id=&#8221;c93aeb0e225a02ff3deae9ce8060a304&#8243; content=&#8221;\u2039\u00a8\u203ap style\u2039\u00b4\u203a\u2039\u00b2\u203atext-align: center;\u2039\u00b2\u203a\u2039\u02dc\u203a\u2039\u00a8\u203astrong\u2039\u02dc\u203aSave money in :\u2039\u00a8\u203a\/strong\u2039\u02dc\u203a\u2039\u00a8\u203a\/p\u2039\u02dc\u203a&#8221; heading=&#8221;h1&#8243; margin=&#8221;0px 0px 15px 0px&#8221; style=&#8221;{\u2039\u00b2\u203astyle\u2039\u00b2\u203a:\u2039\u00b2\u203astyle1\u2039\u00b2\u203a,\u2039\u00b2\u203astyle2\u2039\u00b2\u203a:{\u2039\u00b2\u203abackground_text\u2039\u00b2\u203a:\u2039\u00b2\u203a\u2039\u00b2\u203a},\u2039\u00b2\u203astyle3\u2039\u00b2\u203a:{\u2039\u00b2\u203abackground_color\u2039\u00b2\u203a:\u2039\u00b2\u203a\u2039\u00b2\u203a,\u2039\u00b2\u203abackground_image\u2039\u00b2\u203a:\u2039\u00b2\u203a\u2039\u00b2\u203a},\u2039\u00b2\u203astyle4\u2039\u00b2\u203a:{\u2039\u00b2\u203abackground_color\u2039\u00b2\u203a:\u2039\u00b2\u203a\u2039\u00b2\u203a,\u2039\u00b2\u203abackground_image\u2039\u00b2\u203a:\u2039\u00b2\u203a\u2039\u00b2\u203a}}&#8221; text_color=&#8221;&#8221; hover_color=&#8221;&#8221; hover_element=&#8221;heading&#8221; custom_class=&#8221;&#8221; font=&#8221;heading&#8221; font_bold=&#8221;heading&#8221; weight=&#8221;400&#8243; size=&#8221;{\u2039\u00b2\u203asize\u2039\u00b2\u203a:\u2039\u00b2\u203adefault\u2039\u00b2\u203a,\u2039\u00b2\u203acustom\u2039\u00b2\u203a:{\u2039\u00b2\u203adesktop_size\u2039\u00b2\u203a:\u2039\u00b2\u203a\u2039\u00b2\u203a,\u2039\u00b2\u203aresponsive_size\u2039\u00b2\u203a:\u2039\u00b2\u203a\u2039\u00b2\u203a}}&#8221; line_height=&#8221;&#8221; letter_spacing=&#8221;&#8221; animation=&#8221;slideInDown&#8221; animation_speed=&#8221;2&#8243; animation_delay=&#8221;0&#8243; __fw_editor_shortcodes_id=&#8221;987d24d9bba288c4bcb9bfbe4b6de3c2&#8243; _array_keys=&#8221;{\u2039\u00b2\u203astyle\u2039\u00b2\u203a:\u2039\u00b2\u203astyle\u2039\u00b2\u203a,\u2039\u00b2\u203asize\u2039\u00b2\u203a:\u2039\u00b2\u203asize\u2039\u00b2\u203a}&#8221; _fw_coder=&#8221;aggressive&#8221;][\/heading][countdown id=&#8221;672b0402dfc1f0ad3f87bd59fcdf3efb&#8221; date=&#8221;2018\/06\/28 00:00&#8243; style=&#8221;style1&#8243; size=&#8221;small&#8221; alignment=&#8221;center&#8221; number_color=&#8221;#6b6b6b&#8221; title_color=&#8221;&#8221; border_color=&#8221;&#8221; bold=&#8221;regular&#8221; title_size=&#8221;&#8221; __fw_editor_shortcodes_id=&#8221;e3e105174c90d5f2978558c630372ab0&#8243; _fw_coder=&#8221;aggressive&#8221;][\/countdown]&nbsp;<\/p>\n<p>&nbsp;<\/p>\n","protected":false},"excerpt":{"rendered":"<p>sur les 650 livres, 100 ont \u00e9t\u00e9 dot\u00e9s d&#8217;une pochette sp\u00e9ciale et de deux planches de stickers parmi les 4 imprim\u00e9es. Une \u00e9dition &#8220;Deluxe&#8221; pour les amateurs de beaux objets. Avec :&nbsp;Artem Solop, Cannibal Letters, Jacky&amp;Hide, Difuz, Buda, Tapaloy, Stom500, Kanos, Monsta, Zc\u00e4pe, Azram, Tougui,&#8230;<\/p>\n","protected":false},"featured_media":3512,"comment_status":"open","ping_status":"closed","template":"","meta":[],"product_brand":[],"product_cat":[55],"product_tag":[],"class_list":{"0":"post-3489","1":"product","2":"type-product","3":"status-publish","4":"has-post-thumbnail","6":"product_cat-art","7":"product_shipping_class-lourd","8":"pif-has-gallery","10":"first","11":"instock","12":"shipping-taxable","13":"purchasable","14":"product-type-simple"},"_links":{"self":[{"href":"https:\/\/amikal.xyz\/portfolio\/wordpress\/wp-json\/wp\/v2\/product\/3489","targetHints":{"allow":["GET"]}}],"collection":[{"href":"https:\/\/amikal.xyz\/portfolio\/wordpress\/wp-json\/wp\/v2\/product"}],"about":[{"href":"https:\/\/amikal.xyz\/portfolio\/wordpress\/wp-json\/wp\/v2\/types\/product"}],"replies":[{"embeddable":true,"href":"https:\/\/amikal.xyz\/portfolio\/wordpress\/wp-json\/wp\/v2\/comments?post=3489"}],"wp:featuredmedia":[{"embeddable":true,"href":"https:\/\/amikal.xyz\/portfolio\/wordpress\/wp-json\/wp\/v2\/media\/3512"}],"wp:attachment":[{"href":"https:\/\/amikal.xyz\/portfolio\/wordpress\/wp-json\/wp\/v2\/media?parent=3489"}],"wp:term":[{"taxonomy":"product_brand","embeddable":true,"href":"https:\/\/amikal.xyz\/portfolio\/wordpress\/wp-json\/wp\/v2\/product_brand?post=3489"},{"taxonomy":"product_cat","embeddable":true,"href":"https:\/\/amikal.xyz\/portfolio\/wordpress\/wp-json\/wp\/v2\/product_cat?post=3489"},{"taxonomy":"product_tag","embeddable":true,"href":"https:\/\/amikal.xyz\/portfolio\/wordpress\/wp-json\/wp\/v2\/product_tag?post=3489"}],"curies":[{"name":"wp","href":"https:\/\/api.w.org\/{rel}","templated":true}]}}