{"id":15166,"date":"2021-09-09T13:14:18","date_gmt":"2021-09-09T11:14:18","guid":{"rendered":"https:\/\/amikal.xyz\/portfolio\/wordpress\/produit\/soyons-copains\/"},"modified":"2025-08-01T08:00:51","modified_gmt":"2025-08-01T06:00:51","slug":"soyons-copains","status":"publish","type":"product","link":"https:\/\/amikal.xyz\/portfolio\/wordpress\/produit\/soyons-copains\/","title":{"rendered":"Soyons copains !"},"content":{"rendered":"<p>Parce que c&#8217;est important d&#8217;avoir des amis.<\/p>\n<p>\nImprim\u00e9 sur un t-shirt Gildan 3001<br \/>\n\u2022 100 % coton peign\u00e9 et fil\u00e9 \u00e0 l&#8217;anneau<br \/>\n\u2022 Poids du tissu : 142 g\/m\u00b2 <\/p>\n","protected":false},"excerpt":{"rendered":"<p>Parce que c&#8217;est important d&#8217;avoir des amis. Imprim\u00e9 sur un t-shirt Gildan 3001 \u2022 100 % coton peign\u00e9 et fil\u00e9 \u00e0 l&#8217;anneau \u2022 Poids du tissu : 142 g\/m\u00b2<\/p>\n","protected":false},"featured_media":15202,"comment_status":"open","ping_status":"closed","template":"","meta":[],"product_brand":[],"product_cat":[57],"product_tag":[],"class_list":{"0":"post-15166","1":"product","2":"type-product","3":"status-publish","4":"has-post-thumbnail","6":"product_cat-hommes","7":"pif-has-gallery","9":"first","10":"instock","11":"shipping-taxable","12":"purchasable","13":"product-type-variable"},"_links":{"self":[{"href":"https:\/\/amikal.xyz\/portfolio\/wordpress\/wp-json\/wp\/v2\/product\/15166","targetHints":{"allow":["GET"]}}],"collection":[{"href":"https:\/\/amikal.xyz\/portfolio\/wordpress\/wp-json\/wp\/v2\/product"}],"about":[{"href":"https:\/\/amikal.xyz\/portfolio\/wordpress\/wp-json\/wp\/v2\/types\/product"}],"replies":[{"embeddable":true,"href":"https:\/\/amikal.xyz\/portfolio\/wordpress\/wp-json\/wp\/v2\/comments?post=15166"}],"wp:featuredmedia":[{"embeddable":true,"href":"https:\/\/amikal.xyz\/portfolio\/wordpress\/wp-json\/wp\/v2\/media\/15202"}],"wp:attachment":[{"href":"https:\/\/amikal.xyz\/portfolio\/wordpress\/wp-json\/wp\/v2\/media?parent=15166"}],"wp:term":[{"taxonomy":"product_brand","embeddable":true,"href":"https:\/\/amikal.xyz\/portfolio\/wordpress\/wp-json\/wp\/v2\/product_brand?post=15166"},{"taxonomy":"product_cat","embeddable":true,"href":"https:\/\/amikal.xyz\/portfolio\/wordpress\/wp-json\/wp\/v2\/product_cat?post=15166"},{"taxonomy":"product_tag","embeddable":true,"href":"https:\/\/amikal.xyz\/portfolio\/wordpress\/wp-json\/wp\/v2\/product_tag?post=15166"}],"curies":[{"name":"wp","href":"https:\/\/api.w.org\/{rel}","templated":true}]}}